7
Calculate the highest common divisor of 6 and 646218.
6
What is the highest common factor of 104708 and 4?
4
What is the greatest common factor of 21284 and 1156?
68
Calculate the greatest common factor of 363676 and 177.
59
Calculate the greatest common divisor of 257213 and 6631.
349
Calculate the highest common divisor of 8343 and 2163.
309
Calculate the greatest common factor of 5310 and 51507.
531
What is the greatest common divisor of 94 and 102225?
47
Calculate the highest common factor of 44603 and 17719.
611
Calculate the highest common divisor of 69106 and 327.
109
Calculate the highest common factor of 24 and 522492.
12
What is the highest common divisor of 39 and 742677?
39
What is the greatest common factor of 38880 and 1640?
40
Calculate the greatest common divisor of 116 and 230927.
29
What is the greatest common factor of 2920 and 18160?
40
What is the greatest common divisor of 108443 and 221?
17
What is the highest common factor of 3627 and 3?
3
Calculate the highest common factor of 304 and 4016.
16
What is the highest common factor of 7840 and 474880?
1120
Calculate the greatest common factor of 7514 and 29767.
289
What is the greatest common divisor of 4438 and 256770?
634
Calculate the greatest common divisor of 322 and 273210.
14
What is the highest common factor of 140 and 822940?
20
Calculate the highest common factor of 170 and 56746.
34
Calculate the greatest common divisor of 91 and 917.
7
Calculate the highest common divisor of 5 and 6195.
5
What is the greatest common divisor of 969 and 29241?
57
Calculate the greatest common factor of 3182 and 370.
74
What is the highest common factor of 4 and 23132?
4
Calculate the highest common factor of 9040 and 10980.
20
What is the highest common factor of 26474 and 1674?
62
Calculate the greatest common factor of 2634712 and 16.
8
Calculate the highest common divisor of 4168 and 232.
8
What is the highest common divisor of 805 and 105945?
35
What is the highest common factor of 32967 and 15466?
407
Calculate the greatest common factor of 116909 and 714.
17
Calculate the highest common divisor of 907110 and 360.
90
What is the highest common factor of 1078 and 1284437?
539
What is the greatest common factor of 34 and 85357?
17
Calculate the highest common factor of 26 and 189761.
13
Calculate the highest common divisor of 45 and 545.
5
Calculate the greatest common factor of 24 and 400584.
24
What is the highest common divisor of 1340 and 13467?
67
What is the greatest common factor of 175830 and 30?
30
What is the greatest common factor of 17620 and 2080?
20
What is the greatest common factor of 39389 and 85?
17
What is the highest common divisor of 42 and 7694694?
42
What is the greatest common factor of 69 and 305049?
69
Calculate the greatest common divisor of 10621 and 8385.
559
Calculate the greatest common factor of 40 and 2260760.
40
What is the greatest common factor of 7 and 6782363?
7
Calculate the greatest common divisor of 1584 and 27522.
198
Calculate the highest common divisor of 96 and 14304.
96
Calculate the highest common factor of 551 and 3667.
19
What is the highest common factor of 198235 and 5?
5
Calculate the greatest common factor of 1558440 and 312.
312
Calculate the highest common factor of 28378 and 14.
14
Calculate the highest common divisor of 79167 and 33.
33
What is the greatest common divisor of 2033 and 2071?
19
What is the greatest common divisor of 435 and 106215?
15
Calculate the greatest common divisor of 90 and 6822.
18
What is the greatest common divisor of 684 and 15390?
342
Calculate the greatest common factor of 16776 and 1165.
233
Calculate the greatest common factor of 52 and 83716.
4
What is the greatest common factor of 4791 and 2341202?
1597
Calculate the greatest common factor of 467802 and 18.
18
What is the highest common divisor of 27952 and 12?
4
Calculate the highest common factor of 168 and 1604.
4
Calculate the highest common divisor of 92 and 3118777.
23
What is the greatest common factor of 57695 and 165?
55
Calculate the greatest common divisor of 112 and 8827.
7
Calculate the greatest common factor of 206753 and 53.
53
Calculate the highest common divisor of 2363 and 2329.
17
Calculate the greatest common factor of 129285 and 680.
85
What is the highest common factor of 94017 and 222?
111
What is the highest common divisor of 14 and 1837283?
7
What is the greatest common divisor of 387 and 57921?
129
Calculate the greatest common factor of 26709 and 157491.
921
Calculate the highest common divisor of 64337 and 26.
13
Calculate the greatest common divisor of 2589 and 33.
3
What is the greatest common divisor of 3792 and 6?
6
Calculate the greatest common factor of 48 and 658256.
16
Calculate the greatest common divisor of 6482 and 26194.
14
Calculate the greatest common factor of 400 and 84480.
80
Calculate the highest common divisor of 800 and 450050.
50
What is the greatest common divisor of 3335 and 31349?
667
Calculate the highest common divisor of 150420 and 327.
327
What is the greatest common divisor of 132519 and 7335?
489
What is the highest common factor of 68259 and 30213?
1119
What is the greatest common factor of 34 and 130322?
34
Calculate the highest common divisor of 35804 and 20.
4
What is the highest common factor of 61856 and 40?
8
What is the highest common divisor of 40232 and 658?
94
Calculate the greatest common factor of 48 and 76680.
24
Calculate the highest common divisor of 1359 and 44092.
151
Calculate the highest common divisor of 672 and 2338.
14
Calculate the highest common factor of 148 and 776.
4
What is the greatest common factor of 44251 and 5491?
323
What is the highest common divisor of 186 and 17918?
62
Calculate the greatest common factor of 73489 and 26.
13
Calculate the highest common factor of 108879 and 6.
3
What is the highest common factor of 746408 and 104?
104
Calculate the greatest common divisor of 90 and 12816.
18
What is the greatest common factor of 331 and 1373319?
331
Calculate the highest common divisor of 360933 and 93.
93
Calculate the greatest common divisor of 1614167 and 153.
17
What is the greatest common divisor of 108 and 14748?
12
Calculate the greatest common divisor of 8616 and 218990.
718
Calculate the greatest common factor of 1238520 and 8.
8
What is the highest common factor of 55252 and 2052?
76
What is the greatest common factor of 120 and 1960320?
120
Calculate the greatest common divisor of 81528 and 32.
8
What is the highest common divisor of 745 and 18327?
149
Calculate the highest common factor of 136 and 21981.
17
Calculate the greatest common divisor of 230 and 21344.
46
Calculate the greatest common divisor of 1682 and 10498.
58
Calculate the highest common factor of 2103789 and 2228.
557
What is the greatest common divisor of 197700 and 80?
20
Calculate the greatest common factor of 12 and 29748.
12
Calculate the highest common divisor of 52 and 1217684.
52
What is the highest common factor of 63494 and 106?
106
What is the highest common factor of 37 and 7178518?
37
What is the greatest common factor of 754169 and 13?
13
What is the highest common divisor of 23324 and 8806?
238
Calculate the highest common divisor of 883 and 2.
1
What is the greatest common factor of 1112724 and 324?
108
Calculate the highest common divisor of 122616 and 792.
72
What is the greatest common factor of 50 and 162595?
5
Calculate the greatest common divisor of 5330 and 5122.
26
Calculate the highest common factor of 85 and 731.
17
What is the highest common divisor of 12610 and 416?
26
Calculate the greatest common factor of 858406 and 184.
46
Calculate the highest common divisor of 1839171 and 501.
501
Calculate the highest common divisor of 1120 and 7868.
28
What is the greatest common factor of 22748 and 90508?
484
Calculate the highest common divisor of 493554 and 2064.
258
Calculate the greatest common factor of 90504 and 1296.
216
Calculate the greatest common factor of 4 and 59876.
4
Calculate the highest common factor of 3405144 and 106.
106
What is the highest common divisor of 1219092 and 84?
84
Calculate the highest common divisor of 164496 and 157872.
1104
What is the greatest common factor of 7960 and 33233?
199
Calculate the highest com